- 25*c**2 - 302*c - 128. Determine x(34).
8
Let x(r) = 2*r**2 - 89*r + 631. Give x(9).
-8
Let t(u) = -u**3 - 4*u**2 + 11*u + 37. Determine t(-5).
7
Let z(i) = -5*i**3 + 4*i**2 + 2*i - 1. Calculate z(-2).
51
Let n(u) = -76*u - 285. Give n(-4).
19
Let v(f) = -f**3 + 3*f**2 + f - 48. Give v(0).
-48
Let k(x) = 331*x**2 + 1986*x - 8. Calculate k(-6).
-8
Let y(m) = -3*m**2 - 36*m - 12. What is y(-4)?
84
Let l(g) = -12*g**2 + 154*g + 9. What is l(13)?
-17
Let x(a) = 78*a + 150. What is x(-3)?
-84
Let d(v) = v**3 - 16*v**2 + 3*v - 4. Calculate d(15).
-184
Let g(t) = -t**2 + 13*t - 44. Give g(9).
-8
Let p(c) = -c**2 + 553*c - 76395. Determine p(283).
15
Let q(p) = 2*p**3 - 90*p**2 + p - 75. Give q(45).
-30
Let o(y) = -186*y - 6139. What is o(-33)?
-1
Let t(x) = 298*x**3 + 5*x**2 + x - 1. Determine t(-1).
-295
Let p(z) = -14*z**2 + 100*z + 572. Give p(11).
-22
Let v(h) = -7*h**2 + 81*h + 37. What is v(12)?
1
Let a(b) = -9*b + 260. Give a(38).
-82
Let o(w) = w**2 - 26*w - 224. Give o(-6).
-32
Let m(o) = -2*o**2 - 105*o + 1035. Determine m(-61).
-2
Let j(q) = -q**2 - 35*q + 157. What is j(-39)?
1
Let j(u) = -u**3 + 53*u**2 - 354*u + 1475. Calculate j(46).
3
Let u(o) = 5*o**2 - 414*o - 81. Give u(83).
2
Let y(t) = -318*t + 945. What is y(3)?
-9
Let a(o) = 5*o**2 - 923*o - 1348. Calculate a(186).
-46
Let d(q) = q**3 + 38*q**2 + 72*q - 10. Give d(-36).
-10
Let x(m) = m**3 + 101*m**2 - 102*m + 17. Give x(-102).
17
Let k(p) = 28*p - 121. What is k(4)?
-9
Let x(p) = p**3 - 227*p**2 - 462*p + 908. What is x(229)?
-8
Let j(y) = -78*y - 75. What is j(-2)?
81
Let s(u) = -48*u**2 - 49*u - 195. What is s(-4)?
-767
Let u(q) = -31*q - 211. Give u(-4).
-87
Let r(f) = f**2 + 136*f + 1616. Calculate r(-14).
-92
Let a(i) = -10*i - 48. What is a(5)?
-98
Let o(i) = -2005*i - 18. Give o(0).
-18
Let r(k) = 174*k + 873. Determine r(-5).
3
Let z(w) = w**3 + 46*w**2 + 123*w - 257. Calculate z(-43).
1
Let l(m) = m**2 + 76*m - 2795. What is l(29)?
250
Let i(v) = -v**3 + 17*v**2 + 81*v - 10. Determine i(-4).
2
Let q(w) = 703*w - 4918. Calculate q(7).
3
Let x(n) = -5*n**2 - 93*n - 259. What is x(-15)?
11
Let v(y) = -160*y - 7531. Determine v(-47).
-11
Let w(c) = -150*c + 11. Calculate w(2).
-289
Let k(i) = i**3 - 9*i**2 - 16*i + 75. Calculate k(9).
-69
Let c(g) = -2*g**2 - 6474*g + 25930. What is c(4)?
2
Let p(c) = -9087*c**2 - 36351*c - 5. Calculate p(-4).
7
Let g(b) = 3*b**2 + 4*b - 3. What is g(2)?
17
Let k(b) = 533*b**2 + 60763*b + 120. What is k(-114)?
6
Let l(z) = -19*z - 454. Calculate l(18).
-796
Let g(w) = 2*w**2 + 87*w + 282. Calculate g(-40).
2
Let r(v) = -463*v + 1769. Determine r(4).
-83
Let c(b) = b**3 - 12*b**2 - 105*b + 399. Calculate c(3).
3
Let o(k) = -k**3 - 65*k**2 - 809*k + 124. Give o(-17).
5
Let c(q) = -15*q + 197. Calculate c(-27).
602
Let n(y) = -132*y - 1071. Determine n(-8).
-15
Let o(x) = -x**3 - 19*x**2 - 54*x - 65. Calculate o(-16).
31
Let s(t) = -120*t + 865. Give s(9).
-215
Let d(j) = -6*j**2 - 48*j + 2. Calculate d(-6).
74
Let w(q) = -q**3 - 30*q**2 - 26*q - 142. Determine w(-30).
638
Let z(o) = o**3 - 74*o**2 - 750*o + 248. What is z(83)?
-1
Let m(l) = l**3 - 66*l**2 - 207*l - 98. Give m(69).
-98
Let x(j) = j**3 + 11*j**2 - 139*j - 1352. Give x(-14).
6
Let c(d) = -15*d + 4. What is c(9)?
-131
Let d(f) = 109*f - 136. What is d(2)?
82
Let s(b) = -4*b**2 + 97*b - 18. Give s(23).
97
Let t(o) = o**3 + 51*o**2 - 760*o + 32. Determine t(12).
-16
Let u(b) = -5910*b + 47265. What is u(8)?
-15
Let l(z) = -101*z + 60. Determine l(-8).
868
Let x(l) = -2*l**3 + 5*l**2 + 2*l - 11. Determine x(3).
-14
Let l(h) = h**2 - 32*h - 128. Give l(-5).
57
Let v(k) = -892*k - 10718. Calculate v(-12).
-14
Let c(f) = -4*f**2 + 73*f + 240. Calculate c(-3).
-15
Let v(r) = -17*r**2 - 648*r - 60. What is v(-38)?
16
Let a(m) = -m**3 - 19*m**2 + 151*m + 46. What is a(-25)?
21
Let k(p) = -397*p - 13907. What is k(-35)?
-12
Let m(y) = -2*y**2 - 163*y - 724. Determine m(-78).
-178
Let a(d) = d**2 - 14*d + 13. What is a(1)?
0
Let q(a) = -20*a - 219. What is q(-10)?
-19
Let q(p) = 18*p + 1386. Give q(-76).
18
Let n(i) = 456*i - 19156. What is n(42)?
-4
Let a(x) = 5*x**2 - 877*x - 576. What is a(176)?
-48
Let m(a) = -18*a - 749. Give m(-83).
745
Let i(m) = -3*m**2 - 80*m - 28. Determine i(-26).
24
Let k(i) = 2659*i + 69128. Give k(-26).
-6
Let a(k) = -2*k**3 - 199*k**2 + 95*k - 474. Give a(-100).
26
Let b(j) = -6255*j - 18722. Calculate b(-3).
43
Let m(n) = -65*n + 1580. Give m(20).
280
Let y(n) = 369*n + 2532. Give y(-7).
-51
Let l(x) = x**2 - 26. Give l(6).
10
Let g(f) = -4*f**3 - 56*f**2 - 45*f + 95. Determine g(-13).
4
Let n(r) = -9*r**2 - 349*r - 50. What is n(-40)?
-490
Let p(w) = w**2 - 57*w + 225. What is p(4)?
13
Let i(g) = 2*g**2 - 122*g - 2292. Determine i(76).
-12
Let y(t) = 3*t**2 - 100*t - 5324. Calculate y(62).
8
Let y(c) = 25*c - 33. Calculate y(15).
342
Let r(s) = -s**3 - 73*s**2 - 581*s - 316. What is r(-64)?
4
Let n(q) = -2*q**3 + 13*q**2 - 28*q + 207. What is n(7)?
-38
Let d(z) = -2*z**3 - 31*z**2 + 120*z + 1686. Give d(-16).
22
Let j(x) = -9*x + 130. Determine j(16).
-14
Let i(o) = o**2 - 18*o - 16. Calculate i(15).
-61
Let n(f) = 324*f - 304. Determine n(1).
20
Let a(r) = -26*r - 843. Calculate a(-32).
-11
Let w(t) = -3*t**3 + 21*t**2 + 73*t - 393. What is w(8)?
-1
Let o(j) = -8*j - 286. Calculate o(-36).
2
Let h(r) = 2791*r - 11114. Determine h(4).
50
Let f(u) = -u**3 + 18*u**2 + 74*u - 228. What is f(21)?
3
Let y(f) = -f**2 - 60*f - 81. What is y(-58)?
35
Let o(l) = -678*l + 23. Calculate o(0).
23
Let d(r) = -5*r + 49. What is d(39)?
-146
Let v(a) = 4*a**3 + 711*a**2 - 170*a + 1392. Give v(-178).
-32
Let j(h) = 5371*h + 26839. Determine j(-5).
-16
Let m(h) = 8*h**2 - 16*h + 55. Calculate m(6).
247
Let y(v) = 4*v**3 - 11*v**2 + 33*v - 108. Calculate y(3).
0
Let s(z) = -33*z - 587. Determine s(-18).
7
Let l(t) = 9*t - 11. Calculate l(8).
61
Let h(m) = 9*m**3 + m**2 - 4*m + 1. Calculate h(-3).
-221
Let c(a) = -a**3 + 5*a**2 + 270*a - 3. Calculate c(-15).
447
Let q(x) = -4*x**2 - 192*x + 182. Determine q(-49).
-14
Let w(k) = 9*k - 39. Determine w(-1).
-48
Let f(y) = -y**2 + 21*y - 36. Give f(17).
32
Let t(w) = 270*w + 3488. Give t(-12).
248
Let k(h) = 309*h - 9279. Determine k(30).
-9
Let w(j) = -j**2 - 759*j + 45. Determine w(0).
45
Let w(b) = -36*b - 832. What is w(-21)?
-76
Let r(d) = d**3 - 23*d**2 - 107*d - 35. What is r(27)?
-8
Let f(a) = 18*a**2 + 847*a + 31. Calculate f(-47).
-16
Let o(s) = -11*s**3 + s - 6. What is o(3)?
-300
Let m(o) = -2*o**3 + 7*o**2 - 33*o + 140. Determine m(4).
-8
Let z(w) = -168*w + 357. What is z(2)?
21
Let s(g) = -g**3 - 16*g**2 + 56*g - 32. Give s(-19).
-13
Let n(g) = -29*g + 1770. Calculate n(61).
1
Let t(v) = -492*v - 4915. Determine t(-10).
5
Let t(o) = o**3 + 17*o**2 + 35*o + 64. Calculate t(-14).
162
Let c(v) = 4*v**3 - 10*v**2 + 12*v - 13. Determine c(4).
131
Let i(j) = -6*j**2 + 17*j - 79. What is i(5)?
-144
Let z(b) = -2*b**3 - 157*b**2 + 79*b + 14. Give z(-79).
14
Let j(a) = -839*a - 835. Give j(-1).
4
Let l(m) = -56*m - 171. Calculate l(-3).
-3
Let i(z) = z**3 - 10*z**2 + 5*z + 2. What is i(4)?
-74
Let a(j) = -8*j**2 + 511*j - 30. Calculate a(62).
900
Let x(b) = -b**3 - 28*b**2 - 79*b + 9. Calculate x(-25).
109
Let g(x) = -x**2 - 27*x + 530. Give g(-40).
10
Let j(x) = -x**3 - 10*x**2 + 18*x + 8. Give j(-11).
-69
Let o(a) = 138*a + 1031. What is o(-8)?
-73
Let n(d) = 2*d**3 + 7*d**2 - 18*d - 81. What is n(-4)?
-25
Let t(k) = 448*k + 2201. Give t(-5).
-39
Let c(k) = k**3 + 7*k**2 + 67*k + 462. Calculate c(-7).
-7
Let r(s) = s**2 - 22*s + 38. What is r(17)?
-47
Let f(g) = -439*g + 527. What is f(3)?
-790
Let i(q) = 7*q**2 - 162*q - 23. Give i(23).
-46
Let z(a) = 7661*a - 18. Determine z(0).
-18
Let c(j) = 76*j - 663. Determine c(9).
21
Let d(c) = c**3 - 43*c**2 - 11*c - 1456. What is d(44)?
-4
Let z(s) = -20*s**2 - 264*s + 985. Give z(3).
13
Let n(w) = -25*w**2 + 7*w - 4. What is n(2)?
-90
Let m(u) = -2628*u + 2633. Calculate m(1).
5
Let u(z) = 11*z**3 - 17*z**2 + 17*z - 46. Determine u(5).
989
Let w(u) = 116*u**2 - 909*u - 110. Calculate w(8).
42
Let x(m) = 7*m**2 + 259*m - 107. Calculate x(-35).
-597
Let u(q) = 12*q**2 + 4*q - 175. Determine u(-4).
1
Let f(p) = 75*p + 2064. Determine f(-27).
39
Let l(r) = 331*r - 8593. De